{"id":13522,"date":"2023-12-04T11:24:04","date_gmt":"2023-12-04T11:24:04","guid":{"rendered":"https:\/\/2023shop.heinrichschulte.de\/?product=classic-line_2-unterputzventil-mit-steckschluessel"},"modified":"2023-12-04T11:24:06","modified_gmt":"2023-12-04T11:24:06","slug":"classic-line_2-unterputzventil-mit-steckschluessel","status":"publish","type":"product","link":"https:\/\/2023shop.heinrichschulte.de\/?product=classic-line_2-unterputzventil-mit-steckschluessel","title":{"rendered":"classic-line_2 Unterputzventil mit Steckschl\u00fcssel"},"content":{"rendered":"","protected":false},"excerpt":{"rendered":"<p>In hoher Qualit\u00e4t pr\u00e4zise gefertigt bietet dieses Unterputzventil universellen Einsatz f\u00fcr die Sanit\u00e4rinstallation. Qualit\u00e4tswerkstoffe aus Deutschland, die sowohl die Vorgaben der Trinkwasserverordnung als auch die des Umweltbundesamtes erf\u00fcllen, schaffen die Voraussetzung f\u00fcr gesundes Trinkwasser. Die leicht der Wand anpassbare Schubrosette umschlie\u00dft elegant und verleiht dem Unterputzventil eine sehr hochwertige Erscheinung. Durch eine standardisierte kurze Verzahnung im vorderen Bereich der Steuerstange lassen sich uneingeschr\u00e4nkt alle Sicht- und Griffteile \u00fcber eine Rastbuchse sicher montieren. Die mitgelieferte Bauschutzkappe verhindert Verunreinigungen w\u00e4hrend der Installationsphase. <\/p>\n","protected":false},"featured_media":5165,"template":"","meta":[],"product_cat":[1262,1614,1542,1260,1548,9555],"product_tag":[1274,1618,1550,1272,1556,1828],"lang":"de","translations":{"de":13522,"en":14486},"pll_sync_post":[],"_links":{"self":[{"href":"https:\/\/2023shop.heinrichschulte.de\/index.php?rest_route=\/wp\/v2\/product\/13522"}],"collection":[{"href":"https:\/\/2023shop.heinrichschulte.de\/index.php?rest_route=\/wp\/v2\/product"}],"about":[{"href":"https:\/\/2023shop.heinrichschulte.de\/index.php?rest_route=\/wp\/v2\/types\/product"}],"version-history":[{"count":1,"href":"https:\/\/2023shop.heinrichschulte.de\/index.php?rest_route=\/wp\/v2\/product\/13522\/revisions"}],"predecessor-version":[{"id":13523,"href":"https:\/\/2023shop.heinrichschulte.de\/index.php?rest_route=\/wp\/v2\/product\/13522\/revisions\/13523"}],"wp:featuredmedia":[{"embeddable":true,"href":"https:\/\/2023shop.heinrichschulte.de\/index.php?rest_route=\/wp\/v2\/media\/5165"}],"wp:attachment":[{"href":"https:\/\/2023shop.heinrichschulte.de\/index.php?rest_route=%2Fwp%2Fv2%2Fmedia&parent=13522"}],"wp:term":[{"taxonomy":"product_cat","embeddable":true,"href":"https:\/\/2023shop.heinrichschulte.de\/index.php?rest_route=%2Fwp%2Fv2%2Fproduct_cat&post=13522"},{"taxonomy":"product_tag","embeddable":true,"href":"https:\/\/2023shop.heinrichschulte.de\/index.php?rest_route=%2Fwp%2Fv2%2Fproduct_tag&post=13522"}],"curies":[{"name":"wp","href":"https:\/\/api.w.org\/{rel}","templated":true}]}}