{"id":13560,"date":"2023-12-04T11:24:28","date_gmt":"2023-12-04T11:24:28","guid":{"rendered":"https:\/\/2023shop.heinrichschulte.de\/?product=alpha-line_500-wannenarmatur-ohne-brausegarnitur"},"modified":"2023-12-04T11:24:29","modified_gmt":"2023-12-04T11:24:29","slug":"alpha-line_500-wannenarmatur-ohne-brausegarnitur","status":"publish","type":"product","link":"https:\/\/2023shop.heinrichschulte.de\/?product=alpha-line_500-wannenarmatur-ohne-brausegarnitur","title":{"rendered":"alpha-line_500 Wannenarmatur ohne Brausegarnitur"},"content":{"rendered":"","protected":false},"excerpt":{"rendered":"<p>Parallel zur Wand positioniert und elegant geformt bildet der Armaturenk\u00f6rper die Basis f\u00fcr hochwertige Technik mit horizontalem Auslauf. Die brillante Oberfl\u00e4che aus hochwertigem Chrom unterstreicht die hohe Qualit\u00e4t und Einzigartigkeit dieser Armatur. Mit monolithisch aus dem Armaturenk\u00f6rper heraus entwickelter Grundform bietet der Hebel gro\u00dffl\u00e4chig sehr gute ergonomische Voraussetzungen f\u00fcr komfortable Bedienung. Der eingesetzte Spezialstrahlregler erlaubt hohe Durchflussmengen und sch\u00fctzt die Armatur durch seine eigens daf\u00fcr entwickelte Silikon-Lippe vor Kalkablagerungen. Der gro\u00dffl\u00e4chige kreisf\u00f6rmige Umsteller auf der linken Seite der Armatur reagiert sensibel auf Druck und lenkt nahezu ger\u00e4uschlos das Wasser in den darunter angeordneten Brauseanschluss. Leicht der Wand anpassbare Schubrosetten umschlie\u00dfen elegant die Zuleitungen und verleihen der Armatur auch im Anschlussbereich eine sehr hochwertige Erscheinung. <\/p>\n","protected":false},"featured_media":5881,"template":"","meta":[],"product_cat":[1734,735,1370,1534,1896],"product_tag":[1738,134,1376,1538,1898],"lang":"de","translations":{"de":13560,"en":14546},"pll_sync_post":[],"_links":{"self":[{"href":"https:\/\/2023shop.heinrichschulte.de\/index.php?rest_route=\/wp\/v2\/product\/13560"}],"collection":[{"href":"https:\/\/2023shop.heinrichschulte.de\/index.php?rest_route=\/wp\/v2\/product"}],"about":[{"href":"https:\/\/2023shop.heinrichschulte.de\/index.php?rest_route=\/wp\/v2\/types\/product"}],"version-history":[{"count":1,"href":"https:\/\/2023shop.heinrichschulte.de\/index.php?rest_route=\/wp\/v2\/product\/13560\/revisions"}],"predecessor-version":[{"id":13561,"href":"https:\/\/2023shop.heinrichschulte.de\/index.php?rest_route=\/wp\/v2\/product\/13560\/revisions\/13561"}],"wp:featuredmedia":[{"embeddable":true,"href":"https:\/\/2023shop.heinrichschulte.de\/index.php?rest_route=\/wp\/v2\/media\/5881"}],"wp:attachment":[{"href":"https:\/\/2023shop.heinrichschulte.de\/index.php?rest_route=%2Fwp%2Fv2%2Fmedia&parent=13560"}],"wp:term":[{"taxonomy":"product_cat","embeddable":true,"href":"https:\/\/2023shop.heinrichschulte.de\/index.php?rest_route=%2Fwp%2Fv2%2Fproduct_cat&post=13560"},{"taxonomy":"product_tag","embeddable":true,"href":"https:\/\/2023shop.heinrichschulte.de\/index.php?rest_route=%2Fwp%2Fv2%2Fproduct_tag&post=13560"}],"curies":[{"name":"wp","href":"https:\/\/api.w.org\/{rel}","templated":true}]}}