{"id":13720,"date":"2023-12-04T11:25:08","date_gmt":"2023-12-04T11:25:08","guid":{"rendered":"https:\/\/2023shop.heinrichschulte.de\/?product=alpha-style_600-waschtischarmatur-hoch-mit-druckknopf-ablaufgarnitur"},"modified":"2023-12-04T11:25:09","modified_gmt":"2023-12-04T11:25:09","slug":"alpha-style_600-waschtischarmatur-hoch-mit-druckknopf-ablaufgarnitur","status":"publish","type":"product","link":"https:\/\/2023shop.heinrichschulte.de\/?product=alpha-style_600-waschtischarmatur-hoch-mit-druckknopf-ablaufgarnitur","title":{"rendered":"alpha-style_600 Waschtischarmatur hoch mit Druckknopf-Ablaufgarnitur"},"content":{"rendered":"","protected":false},"excerpt":{"rendered":"<p>Die minimalistische Formensprache des Armaturenk\u00f6rpers fasziniert ganz besonders, wenn das Wesen des Wassers sich sensibel in der Erscheinung manifestiert und zur luxuri\u00f6sen Ikone des elementaren Wechselspiels zwischen Ruhe und flie\u00dfender Bewegung wird. Die brillante Oberfl\u00e4che aus hochwertigem Chrom unterstreicht die hohe Qualit\u00e4t und Einzigartigkeit dieser Armatur. Der im Griffbereich leicht geschwungene Hebel zelebriert Leichtigkeit und Bewegung und schafft ergonomisch durchdacht Freiraum f\u00fcr komfortable Bedienung. Durch den querliegenden Strahlregler verl\u00e4sst das Wasser angepasst an den breiten Auslauf in weichem wasserfallartigem Schwall bedeutungsvoll die Armatur. Durch einen Druck auf die Verschlusskappe, l\u00e4sst sich die Ablaufgarnitur bequem direkt \u00f6ffnen und schlie\u00dfen. Mit der Erh\u00f6hung des Armaturenk\u00f6rpers ist diese Armatur f\u00fcr den Einsatz mit modernen Aufsatzwaschbecken ausgerichtet. Die erweiterte Bauh\u00f6he unterstreicht nochmals die Eleganz ihrer Erscheinung. \u00dcber eine spezielle Schaftverschraubung wird diese Armatur sehr stabil montiert. <\/p>\n","protected":false},"featured_media":5529,"template":"","meta":[],"product_cat":[1498,735,1370,1266,1856],"product_tag":[1504,134,1376,1278,1858],"lang":"de","translations":{"de":13720,"en":14676},"pll_sync_post":[],"_links":{"self":[{"href":"https:\/\/2023shop.heinrichschulte.de\/index.php?rest_route=\/wp\/v2\/product\/13720"}],"collection":[{"href":"https:\/\/2023shop.heinrichschulte.de\/index.php?rest_route=\/wp\/v2\/product"}],"about":[{"href":"https:\/\/2023shop.heinrichschulte.de\/index.php?rest_route=\/wp\/v2\/types\/product"}],"version-history":[{"count":1,"href":"https:\/\/2023shop.heinrichschulte.de\/index.php?rest_route=\/wp\/v2\/product\/13720\/revisions"}],"predecessor-version":[{"id":13721,"href":"https:\/\/2023shop.heinrichschulte.de\/index.php?rest_route=\/wp\/v2\/product\/13720\/revisions\/13721"}],"wp:featuredmedia":[{"embeddable":true,"href":"https:\/\/2023shop.heinrichschulte.de\/index.php?rest_route=\/wp\/v2\/media\/5529"}],"wp:attachment":[{"href":"https:\/\/2023shop.heinrichschulte.de\/index.php?rest_route=%2Fwp%2Fv2%2Fmedia&parent=13720"}],"wp:term":[{"taxonomy":"product_cat","embeddable":true,"href":"https:\/\/2023shop.heinrichschulte.de\/index.php?rest_route=%2Fwp%2Fv2%2Fproduct_cat&post=13720"},{"taxonomy":"product_tag","embeddable":true,"href":"https:\/\/2023shop.heinrichschulte.de\/index.php?rest_route=%2Fwp%2Fv2%2Fproduct_tag&post=13720"}],"curies":[{"name":"wp","href":"https:\/\/api.w.org\/{rel}","templated":true}]}}