{"id":13870,"date":"2023-12-04T11:26:00","date_gmt":"2023-12-04T11:26:00","guid":{"rendered":"https:\/\/2023shop.heinrichschulte.de\/?product=alpha_400-fertigbauset-wannenarmatur-fuer-tec-box-2"},"modified":"2023-12-04T11:26:00","modified_gmt":"2023-12-04T11:26:00","slug":"alpha_400-fertigbauset-wannenarmatur-fuer-tec-box-2","status":"publish","type":"product","link":"https:\/\/2023shop.heinrichschulte.de\/?product=alpha_400-fertigbauset-wannenarmatur-fuer-tec-box-2","title":{"rendered":"alpha_400 Fertigbauset Wannenarmatur f\u00fcr Tec-box"},"content":{"rendered":"","protected":false},"excerpt":{"rendered":"<p>Eleganter und exquisiter l\u00e4sst sich eine Wannenarmatur kaum gestalten. Pr\u00e4zise architektonische Linienf\u00fchrung schafft durch formale Reduktion unaufdringliche Eleganz. Mit aufw\u00e4ndig aufgebrachtem hochwertigem Chrom werden die formal bedeutungsvollen Oberfl\u00e4chen wirkungsvoll in Szene gesetzt. Der selbstbewusste und elegante Hebel ist parallel zur Wand vertikal ausgerichtet und schafft damit h\u00f6chsten Komfort bei freibleibendem Bewegungsraum. Angenehm leichtg\u00e4ngig und in jeder Hebelposition bequem zu erreichen, ist der individuell gestaltete Umsteller einfach und sicher zu bedienen. Die sanft gerundeten Ecken der elegant geformten quadratischen Wandrosette bewirken einen harmonischen \u00dcbergang zu unterschiedlichsten Wandgestaltungen. <\/p>\n","protected":false},"featured_media":6190,"template":"","meta":[],"product_cat":[1342,735,1370,1534,1762],"product_tag":[73,134,1376,1538,1764],"lang":"de","translations":{"de":13870,"en":14824},"pll_sync_post":[],"_links":{"self":[{"href":"https:\/\/2023shop.heinrichschulte.de\/index.php?rest_route=\/wp\/v2\/product\/13870"}],"collection":[{"href":"https:\/\/2023shop.heinrichschulte.de\/index.php?rest_route=\/wp\/v2\/product"}],"about":[{"href":"https:\/\/2023shop.heinrichschulte.de\/index.php?rest_route=\/wp\/v2\/types\/product"}],"version-history":[{"count":1,"href":"https:\/\/2023shop.heinrichschulte.de\/index.php?rest_route=\/wp\/v2\/product\/13870\/revisions"}],"predecessor-version":[{"id":13871,"href":"https:\/\/2023shop.heinrichschulte.de\/index.php?rest_route=\/wp\/v2\/product\/13870\/revisions\/13871"}],"wp:featuredmedia":[{"embeddable":true,"href":"https:\/\/2023shop.heinrichschulte.de\/index.php?rest_route=\/wp\/v2\/media\/6190"}],"wp:attachment":[{"href":"https:\/\/2023shop.heinrichschulte.de\/index.php?rest_route=%2Fwp%2Fv2%2Fmedia&parent=13870"}],"wp:term":[{"taxonomy":"product_cat","embeddable":true,"href":"https:\/\/2023shop.heinrichschulte.de\/index.php?rest_route=%2Fwp%2Fv2%2Fproduct_cat&post=13870"},{"taxonomy":"product_tag","embeddable":true,"href":"https:\/\/2023shop.heinrichschulte.de\/index.php?rest_route=%2Fwp%2Fv2%2Fproduct_tag&post=13870"}],"curies":[{"name":"wp","href":"https:\/\/api.w.org\/{rel}","templated":true}]}}