{"id":14050,"date":"2023-12-04T11:27:14","date_gmt":"2023-12-04T11:27:14","guid":{"rendered":"https:\/\/2023shop.heinrichschulte.de\/?product=wintec-einlegeboden-fuer-aetna-glas-gruen-matt"},"modified":"2023-12-04T11:27:14","modified_gmt":"2023-12-04T11:27:14","slug":"wintec-einlegeboden-fuer-aetna-glas-gruen-matt","status":"publish","type":"product","link":"https:\/\/2023shop.heinrichschulte.de\/?product=wintec-einlegeboden-fuer-aetna-glas-gruen-matt","title":{"rendered":"wintec Einlegeboden f\u00fcr \u00c4tna, Glas gr\u00fcn matt"},"content":{"rendered":"","protected":false},"excerpt":{"rendered":"","protected":false},"featured_media":5570,"template":"","meta":[],"product_cat":[609,1289,1291,1287,1285],"product_tag":[130,1297,1299,1295,1293],"lang":"de","translations":{"de":14050,"en":14997},"pll_sync_post":[],"_links":{"self":[{"href":"https:\/\/2023shop.heinrichschulte.de\/index.php?rest_route=\/wp\/v2\/product\/14050"}],"collection":[{"href":"https:\/\/2023shop.heinrichschulte.de\/index.php?rest_route=\/wp\/v2\/product"}],"about":[{"href":"https:\/\/2023shop.heinrichschulte.de\/index.php?rest_route=\/wp\/v2\/types\/product"}],"version-history":[{"count":1,"href":"https:\/\/2023shop.heinrichschulte.de\/index.php?rest_route=\/wp\/v2\/product\/14050\/revisions"}],"predecessor-version":[{"id":14051,"href":"https:\/\/2023shop.heinrichschulte.de\/index.php?rest_route=\/wp\/v2\/product\/14050\/revisions\/14051"}],"wp:featuredmedia":[{"embeddable":true,"href":"https:\/\/2023shop.heinrichschulte.de\/index.php?rest_route=\/wp\/v2\/media\/5570"}],"wp:attachment":[{"href":"https:\/\/2023shop.heinrichschulte.de\/index.php?rest_route=%2Fwp%2Fv2%2Fmedia&parent=14050"}],"wp:term":[{"taxonomy":"product_cat","embeddable":true,"href":"https:\/\/2023shop.heinrichschulte.de\/index.php?rest_route=%2Fwp%2Fv2%2Fproduct_cat&post=14050"},{"taxonomy":"product_tag","embeddable":true,"href":"https:\/\/2023shop.heinrichschulte.de\/index.php?rest_route=%2Fwp%2Fv2%2Fproduct_tag&post=14050"}],"curies":[{"name":"wp","href":"https:\/\/api.w.org\/{rel}","templated":true}]}}