{"id":14082,"date":"2023-12-04T11:27:31","date_gmt":"2023-12-04T11:27:31","guid":{"rendered":"https:\/\/2023shop.heinrichschulte.de\/?product=alpha_350-standhahn-mit-keramik-oberteil"},"modified":"2023-12-04T11:27:32","modified_gmt":"2023-12-04T11:27:32","slug":"alpha_350-standhahn-mit-keramik-oberteil","status":"publish","type":"product","link":"https:\/\/2023shop.heinrichschulte.de\/?product=alpha_350-standhahn-mit-keramik-oberteil","title":{"rendered":"alpha_350 Standhahn mit Keramik-Oberteil"},"content":{"rendered":"","protected":false},"excerpt":{"rendered":"<p>Der schlanke K\u00f6rper der alpha_300 verbindet sich exzellent mit dem geometrisch geformten und horizontal ausgerichteten Auslauf zu einer eleganten und hochwertigen Waschtischarmatur. F\u00fcr kleine Waschbecken im G\u00e4ste-WC ist dieser Standhahn f\u00fcr die Kaltwassernutzung ausgelegt. Mit seiner kleinen Bauform findet er sich formvollendet in diese Umgebung ein. Die brillante Chromoberfl\u00e4che unterstreicht wirkungsvoll die Sch\u00f6nheit dieser Armatur. Leicht beweglich und ergonomisch sensibel abgestimmt, schlie\u00dft der im \u00dcbergang markant gestaltete Hebel die Armatur formvollendet ab. Der eingesetzte Spezialstrahlregler hilft Wasser zu sparen und sch\u00fctzt die Armatur durch seine eigens daf\u00fcr entwickelte Silikon-Lippe vor Kalkablagerungen. <\/p>\n","protected":false},"featured_media":5760,"template":"","meta":[],"product_cat":[1332,735,1370,1266,1638],"product_tag":[1338,134,1376,1278,1640],"lang":"de","translations":{"de":14082,"en":15052},"pll_sync_post":[],"_links":{"self":[{"href":"https:\/\/2023shop.heinrichschulte.de\/index.php?rest_route=\/wp\/v2\/product\/14082"}],"collection":[{"href":"https:\/\/2023shop.heinrichschulte.de\/index.php?rest_route=\/wp\/v2\/product"}],"about":[{"href":"https:\/\/2023shop.heinrichschulte.de\/index.php?rest_route=\/wp\/v2\/types\/product"}],"version-history":[{"count":1,"href":"https:\/\/2023shop.heinrichschulte.de\/index.php?rest_route=\/wp\/v2\/product\/14082\/revisions"}],"predecessor-version":[{"id":14083,"href":"https:\/\/2023shop.heinrichschulte.de\/index.php?rest_route=\/wp\/v2\/product\/14082\/revisions\/14083"}],"wp:featuredmedia":[{"embeddable":true,"href":"https:\/\/2023shop.heinrichschulte.de\/index.php?rest_route=\/wp\/v2\/media\/5760"}],"wp:attachment":[{"href":"https:\/\/2023shop.heinrichschulte.de\/index.php?rest_route=%2Fwp%2Fv2%2Fmedia&parent=14082"}],"wp:term":[{"taxonomy":"product_cat","embeddable":true,"href":"https:\/\/2023shop.heinrichschulte.de\/index.php?rest_route=%2Fwp%2Fv2%2Fproduct_cat&post=14082"},{"taxonomy":"product_tag","embeddable":true,"href":"https:\/\/2023shop.heinrichschulte.de\/index.php?rest_route=%2Fwp%2Fv2%2Fproduct_tag&post=14082"}],"curies":[{"name":"wp","href":"https:\/\/api.w.org\/{rel}","templated":true}]}}